{"version":"1.0","provider_name":"Missives","provider_url":"http:\/\/www.lesmissives.fr","author_name":"Camille Abbey","author_url":"http:\/\/www.lesmissives.fr\/index.php\/author\/admin8816\/","title":"Les livres de mars-avril : l'agenda des parutions - Missives","type":"rich","width":600,"height":338,"html":"<blockquote class=\"wp-embedded-content\" data-secret=\"xFtbsnixDu\"><a href=\"http:\/\/www.lesmissives.fr\/index.php\/2019\/05\/01\/les-livres-davril-lagenda-des-parutions\/\">Les livres de mars-avril : l&rsquo;agenda des parutions<\/a><\/blockquote><iframe sandbox=\"allow-scripts\" security=\"restricted\" src=\"http:\/\/www.lesmissives.fr\/index.php\/2019\/05\/01\/les-livres-davril-lagenda-des-parutions\/embed\/#?secret=xFtbsnixDu\" width=\"600\" height=\"338\" title=\"\u00ab\u00a0Les livres de mars-avril : l&rsquo;agenda des parutions\u00a0\u00bb &#8212; Missives\" data-secret=\"xFtbsnixDu\" frameborder=\"0\" marginwidth=\"0\" marginheight=\"0\" scrolling=\"no\" class=\"wp-embedded-content\"><\/iframe><script type=\"text\/javascript\">\n\/* <![CDATA[ *\/\n\/*! This file is auto-generated *\/\n!function(d,l){\"use strict\";l.querySelector&&d.addEventListener&&\"undefined\"!=typeof URL&&(d.wp=d.wp||{},d.wp.receiveEmbedMessage||(d.wp.receiveEmbedMessage=function(e){var t=e.data;if((t||t.secret||t.message||t.value)&&!\/[^a-zA-Z0-9]\/.test(t.secret)){for(var s,r,n,a=l.querySelectorAll('iframe[data-secret=\"'+t.secret+'\"]'),o=l.querySelectorAll('blockquote[data-secret=\"'+t.secret+'\"]'),c=new RegExp(\"^https?:$\",\"i\"),i=0;i<o.length;i++)o[i].style.display=\"none\";for(i=0;i<a.length;i++)s=a[i],e.source===s.contentWindow&&(s.removeAttribute(\"style\"),\"height\"===t.message?(1e3<(r=parseInt(t.value,10))?r=1e3:~~r<200&&(r=200),s.height=r):\"link\"===t.message&&(r=new URL(s.getAttribute(\"src\")),n=new URL(t.value),c.test(n.protocol))&&n.host===r.host&&l.activeElement===s&&(d.top.location.href=t.value))}},d.addEventListener(\"message\",d.wp.receiveEmbedMessage,!1),l.addEventListener(\"DOMContentLoaded\",function(){for(var e,t,s=l.querySelectorAll(\"iframe.wp-embedded-content\"),r=0;r<s.length;r++)(t=(e=s[r]).getAttribute(\"data-secret\"))||(t=Math.random().toString(36).substring(2,12),e.src+=\"#?secret=\"+t,e.setAttribute(\"data-secret\",t)),e.contentWindow.postMessage({message:\"ready\",secret:t},\"*\")},!1)))}(window,document);\n\/* ]]> *\/\n<\/script>\n","thumbnail_url":"http:\/\/www.lesmissives.fr\/wp-content\/uploads\/2019\/05\/Tyrans.jpg","thumbnail_width":820,"thumbnail_height":430,"description":"Chaque mois, nous vous proposons un agenda des parutions f\u00e9ministes. Romans, essais, bandes dessin\u00e9es&#8230; vous avez le choix ! Ces ouvrages sont disponibles en librairie et parfois empruntables \u00e0 la F\u00e9ministh\u00e8que. Les livres propos\u00e9s n&rsquo;ont pas forc\u00e9ment \u00e9t\u00e9 lus par Les Missives (par manque de temps), il s&rsquo;agit des annonces de publications, par les \u00e9diteurs. [&hellip;]"}

Chaque mois, nous vous proposons un agenda des parutions féministes. Romans, essais, bandes dessinées&#8230; vous avez le choix ! Ces ouvrages sont disponibles en librairie et parfois empruntables à la Féministhèque. Les livres proposés n&rsquo;ont pas forcément été lus par Les Missives (par manque de temps), il s&rsquo;agit des annonces de publications, par les éditeurs. [&hellip;]
